j**2 + j + 3. Let u be p(0). Suppose -o = -5*g + u*g, 13 = 4*o + 5*g. What is the units digit of o?
2
What is the units digit of 8/(-12)*-147 - 3?
5
Let b(l) = -3*l**2 + 4*l - 2. Let a be b(2). Let m be ((-2)/4)/1*a. Suppose -6 - m = -s. What is the units digit of s?
9
What is the hundreds digit of (328 + (-2 - -1))*(-1)/(-3)?
1
Let a = 100 - 56. What is the units digit of a?
4
Let g be 180/22 + 2/(-11). Suppose 0*o - o + 2 = 0. Suppose 0 = p - o - g. What is the tens digit of p?
1
Let g = -10 + 30. Suppose 5*q + g = 5*j, j + 3*q + 9 = 3*j. What is the units digit of j?
3
Let l be (6*-1)/(1 - 0). Let y = 11 - 15. Let m = y - l. What is the units digit of m?
2
Let z = -162 - -267. What is the tens digit of z?
0
Let u(c) = -c**2 - 6*c - 3. Let g be u(-4). Suppose 4*l = -g*w + w + 24, 0 = 4*w + 4. What is the units digit of l?
7
Let v = 239 - 392. What is the units digit of 1/(-5) + v/(-15)?
0
Suppose 2*v = -4*v + 12. What is the units digit of v?
2
Let y be 1/(-2) + (-39)/(-6). Let k(d) = 9 + 19 - 41 + 2*d + 12. What is the tens digit of k(y)?
1
Let b be 3/1*118/3. Suppose -b = -4*o - 22. Suppose -3*q = -39 - o. What is the units digit of q?
1
Let d(g) = -g**3 - 2*g**2 - g + 11. What is the units digit of d(-5)?
1
Let r = 3 - 4. Let o = 4 + r. Suppose t = -3*z - o, -2*z + 4 = 12. What is the units digit of t?
9
Suppose -16*b - 707 + 2147 = 0. What is the tens digit of b?
9
Let z(b) be the second derivative of b**4/3 + 2*b**3/3 + b**2 - 2*b. What is the tens digit of z(-2)?
1
Let i be 3 + -3 + (-2 - -4). Suppose i = c - 3. Suppose -c*y = -y - 32. What is the units digit of y?
8
Suppose 0 = -4*f - 2*d - 0*d + 14, -4 = -2*f + 2*d. Let y be f/2*(-8)/(-3). Suppose 28 = 3*z - 0*z + y*r, 5*z = 3*r + 8. What is the units digit of z?
4
Suppose 6*c - 75 = c. Let g = 20 - 19. What is the units digit of (-18)/c*-5*g?
6
Let x(t) = -t**3 + 10*t**2 - 7*t - 6. Let s = 2 + 7. What is the units digit of x(s)?
2
What is the units digit of (-2)/12 - 813/(-18)?
5
Let k(u) = u**2 + 5*u - 4. What is the units digit of k(4)?
2
Suppose 0 = -4*s - 2*a + 306, -2*a + 224 = 3*s - 6*a. Suppose 0 = 3*l - 8 - s. What is the units digit of l?
8
Let v(m) = -12*m - 14. What is the units digit of v(-11)?
8
Suppose 20 = -2*d + 5*q, 3*d + 5*q = 8 + 12. Suppose -5*y + 10 + 90 = d. What is the tens digit of y?
2
Let f(z) = z**3 - z**2 + 5*z - 26. Let p(v) = -v**3 + v**2 - 6*v + 25. Let b(a) = 7*f(a) + 6*p(a). Let i be b(0). Let u = -14 - i. What is the tens digit of u?
1
Let y(c) = -4 + 1 - 7*c + 0*c. What is the units digit of y(-5)?
2
Suppose 0 = -q - 3*q + 68. Let o = -40 + 45. Let f = o + q. What is the units digit of f?
2
Let r(w) = w**2 - 7*w - 6. Let j be r(8). Let y be 3/(2*(-1)/j). What is the tens digit of y/(-2)*(-192)/(-18)?
1
Let b(h) = h**3 + 4*h**2 - 2*h - 6. Let s be b(-4). Suppose 34 = 6*i - 4*i - s*u, -23 = -i + 3*u. What is the tens digit of i?
1
Let r be (2 - 3 - -2) + -12. Let d = r - -4. Let y(t) = -t**2 - 7*t + 8. What is the units digit of y(d)?
8
Let z(g) = -2*g**2 + 6. Let w(r) = -4*r**2 + 3*r + 0*r + 13 - 3*r. Let v(b) = 4*w(b) - 9*z(b). What is the units digit of v(2)?
6
Suppose 0 = -4*g - 118 + 10. What is the units digit of (-8)/(-12)*g/(-2)?
9
Let t(i) = i + 24. Let q = 12 - 26. What is the tens digit of t(q)?
1
Suppose -l = -2*p + 3*p - 73, 5*l - 2*p = 358. What is the units digit of l?
2
Let p = -39 - -49. What is the tens digit of p?
1
Let w = 2 - -2. What is the units digit of w?
4
Let p(v) = 42*v**2 + 2*v + 6. What is the hundreds digit of p(-2)?
1
Let a(n) = -22*n + 6. What is the hundreds digit of a(-6)?
1
Let v(k) = -k - 4. Let t be v(-6). Suppose t*n = -2*n + 28. Let f = n + -2. What is the units digit of f?
5
Let b be ((-20)/25)/(4/(-10)). Let q be (b - 2) + -2 + 16. Let g = q + -10. What is the units digit of g?
4
What is the tens digit of (-2)/(-6)*(-1035)/(-3)?
1
Suppose 0 = 5*d - 1926 + 241. What is the hundreds digit of d?
3
Suppose 332 = 3*d - 4*g, 0 = d - 2*d - 3*g + 128. What is the tens digit of d?
1
Suppose 0 = 4*u + f - 5*f - 168, 2*f + 46 = u. What is the tens digit of u?
3
Suppose 0 = c - 27 + 5. Let o = c + -10. What is the units digit of o?
2
Suppose 0 = -6*v + v + 335. What is the tens digit of v?
6
Let s = -205 - -437. What is the tens digit of s?
3
Suppose 2*s = c, 3*s = c + 5 - 3. Suppose -3*m = -s*n + m + 44, -3*m = -4*n + 68. What is the units digit of n?
4
Let o = 51 - 1. What is the units digit of o?
0
Suppose w = -2 + 7. Suppose 5*n + 0*t + w*t - 10 = 0, -2*n = -5*t - 18. What is the units digit of n?
4
Let g be ((-15)/(-6))/(2/20). Suppose -2*v + 42 = 4*x, -2*v = -7*v - g. What is the tens digit of x?
1
Let h(r) = -3*r + 8. Let c(f) = 2*f - 4. Let q(u) = 5*c(u) + 3*h(u). Let a be q(-6). What is the units digit of a/8 - (-66)/8?
8
What is the tens digit of (-2)/11 - 233/(-11)?
2
Let i(a) be the first derivative of a**3 + 3 + 0*a + 1/2*a**2. What is the units digit of i(1)?
4
Let w(t) = -t**3 + 11*t**2 + 16*t - 7. What is the tens digit of w(12)?
4
Let p = -19 - -82. What is the units digit of (-6)/10 + p/5?
2
Let f(b) = b**2 - 8*b - 9. What is the units digit of f(13)?
6
Suppose 2*i = -g, 2*i + 3*i + 5 = 0. Suppose 0*p = p - 3*t - 15, 2*p - 15 = 3*t. Suppose -g*y + p + 32 = 0. What is the units digit of y?
6
Let y = -114 + 190. What is the units digit of y?
6
Suppose -25 = -5*k, -z + 2*k - 7*k = -40. What is the units digit of z?
5
Let v(u) = -u**2 - 9*u - 9. Let p be v(-8). Let b = 11 - p. What is the tens digit of b?
1
Let y be (-2)/6 + (-31)/(-3). Suppose -33 + y = -2*l + 3*f, -3*f = 15. Suppose 23 = i + 4*r, -i - l*i + 3*r = 0. What is the units digit of i?
3
What is the tens digit of 0 - -76 - (3 + -1)?
7
What is the tens digit of 177/2 - 4/(-8)?
8
Suppose h = -5*s - 4, -3 = s - 0. Let m be 4/2 + (h - 7). Suppose 0 = -5*t - m + 76. What is the units digit of t?
4
Let i = 15 - 6. What is the units digit of i?
9
Let m = 4 - 3. Let w(o) = o**2 + 6*o + 7. Let u be w(-5). Let a = u - m. What is the units digit of a?
1
Let v(y) = 2*y - 17. What is the units digit of v(16)?
5
Let r = -219 - -285. What is the tens digit of r?
6
What is the units digit of (-6)/(-1 + -3 + 2)?
3
Let r(v) = 2*v - 6. Let p be r(8). Let w = p + -2. What is the units digit of w?
8
Let a(d) be the second derivative of -2*d**3 - d**2/2 + d. Let o be a(-3). Let c = o - 20. What is the tens digit of c?
1
Suppose 14 + 20 = 2*s. What is the tens digit of s?
1
Let h = -109 + 170. What is the tens digit of h?
6
Let u(j) = j**2 - 4*j + 2. What is the units digit of u(6)?
4
Let f(t) = 7*t**2 - t - 1. Suppose 4 - 29 = -5*q + 3*j, -25 = 5*j. What is the tens digit of f(q)?
2
Let i be (-39)/(-12) - 2/8. Suppose -10 = -i*t - 1. What is the units digit of (-1)/(-3) + 23/t?
8
Let d(p) = 38*p + 5. What is the tens digit of d(3)?
1
Let n be (0 + -3 - 35) + -1. Let a = -5 - n. What is the units digit of a?
4
Let h = -3 - -3. Suppose h = -o + 18. What is the units digit of o?
8
Let f be 1/3 - (-869)/3. Suppose 3*g + 2*g = f. Suppose -5*j + 2 = -g. What is the tens digit of j?
1
What is the units digit of (-44)/(-22) + (-2 + 1 - -259)?
0
Let n(b) = -2*b. Let l be n(-3). Suppose -9 = 3*o - l*o. What is the units digit of o?
3
Let d(b) = 4*b + 2. Let j be d(7). Suppose 3*q = -2*q + j. What is the units digit of q?
6
Let w(p) = p**3 - 6*p**2 + 6*p - 3. Let u be w(5). Let i be 1*11/(-2)*u. Let c = 18 + i. What is the units digit of c?
7
Suppose 0*g - 25 = 3*g - 5*w, -2*w - 11 = 3*g. Let c be (-12)/30 - 72/g. Let u = c + -7. What is the units digit of u?
7
Let l(d) = 3*d**2 - 5*d + 2. What is the hundreds digit of l(8)?
1
Suppose 6 = b + 3. Suppose -b*n = 2*n - 20. What is the units digit of n?
4
Suppose w + 4 = 0, -3*g + 0*w = 3*w - 3. What is the units digit of 14 + g/((-15)/6)?
2
What is the units digit of 5*5/(125/155)?
1
Let v(f) be the third derivative of f**6/120 - f**5/40 + f**4/8 - f**3/2 + 2*f**2. Let o(r) be the first derivative of v(r). What is the units digit of o(2)?
9
Let w(h) = 2*h**2 + h + 11. What is the tens digit of w(-5)?
5
Suppose -y = 2*y - 5*j - 27, 4*y - j - 19 = 0. Suppose -y*m - m = 0. Suppose m*u - 21 = -3*u. What is the units digit of u?
7
Let i(f) = -3*f + 2. Let o = 5 + -17. Let w = 6 + o. What is the units digit of i(w)?
0
Suppose 0 = -